{"id":1120,"date":"2024-08-23T22:21:05","date_gmt":"2024-08-23T22:21:05","guid":{"rendered":"https:\/\/optometria.iztacala.unam.mx\/batasblancas\/?page_id=1120"},"modified":"2024-08-23T22:21:08","modified_gmt":"2024-08-23T22:21:08","slug":"indice-ano-iii-numero-7","status":"publish","type":"page","link":"https:\/\/optometria.iztacala.unam.mx\/batasblancas\/?page_id=1120","title":{"rendered":"\u00cdndice \u2013 A\u00f1o III, N\u00famero 7"},"content":{"rendered":"<div class=\"wp-block-image\">\n<figure class=\"aligncenter size-full\"><img loading=\"lazy\" decoding=\"async\" width=\"538\" height=\"696\" src=\"https:\/\/optometria.iztacala.unam.mx\/batasblancas\/wp-content\/uploads\/2024\/08\/No7_portada.jpg\" alt=\"\" class=\"wp-image-1121\" srcset=\"https:\/\/optometria.iztacala.unam.mx\/batasblancas\/wp-content\/uploads\/2024\/08\/No7_portada.jpg 538w, https:\/\/optometria.iztacala.unam.mx\/batasblancas\/wp-content\/uploads\/2024\/08\/No7_portada-232x300.jpg 232w\" sizes=\"auto, (max-width: 538px) 100vw, 538px\" \/><\/figure>\n<\/div>\n\n\n<p><strong><a href=\"https:\/\/optometria.iztacala.unam.mx\/batasblancas\/?p=1118\" data-type=\"post\" data-id=\"1118\">Editorial A\u00f1o III, N\u00famero 7.<\/a><\/strong><\/p>\n\n\n\n<p>1) ARIST\u00d3TELES (Ciencias Biol\u00f3gicas)<br><strong><a href=\"https:\/\/optometria.iztacala.unam.mx\/batasblancas\/?p=1088\" data-type=\"post\" data-id=\"1088\">D\u00eda Internacional para la Salud de las Mujeres: Morbi-Mortalidad en M\u00e9xico y el Mundo.<br><\/a><\/strong>Silvia Mota Hern\u00e1ndez, Roberto G\u00f3mez Garc\u00eda<\/p>\n\n\n\n<p>2) JOHANN BECKMANN (Tecnolog\u00eda)<br><strong><a href=\"https:\/\/optometria.iztacala.unam.mx\/batasblancas\/?p=1091\" data-type=\"post\" data-id=\"1091\">Impacto de los avances tecnol\u00f3gicos en las acciones para mejorar la salud de mujeres en zonas rurales.<br><\/a><\/strong>Joana Santiago Sosa, Ra\u00fal Rosales Ib\u00e1\u00f1ez <\/p>\n\n\n\n<p>3) ROBERT KOCH (Microbiolog\u00eda)<br><strong><a href=\"https:\/\/optometria.iztacala.unam.mx\/batasblancas\/?p=1094\" data-type=\"post\" data-id=\"1094\">Importancia de la limpieza de los lentes de contacto de uso cosm\u00e9tico en la mujer.<br><\/a><\/strong>Marco Lu\u00eds G\u00f3mez Pi\u00f1a<\/p>\n\n\n\n<p>4) HIP\u00d3CRATES (Medicina)<br><strong><a href=\"https:\/\/optometria.iztacala.unam.mx\/batasblancas\/?p=1097\" data-type=\"post\" data-id=\"1097\">Victimizaci\u00f3n secundaria contra mujeres y ni\u00f1as dentro de los servicios de salud; una mirada hacia alternativas de soluci\u00f3n.<br><\/a><\/strong>Francisca Fern\u00e1ndez Col\u00edn<\/p>\n\n\n\n<p>5) VAN RENSSELAER POTTER (Bio\u00e9tica)<br><strong><a href=\"https:\/\/optometria.iztacala.unam.mx\/batasblancas\/?p=1100\" data-type=\"post\" data-id=\"1100\">La Bio\u00e9tica y la Salud de la Mujer.<br><\/a><\/strong>Rub\u00e9n Mart\u00edn V\u00e1zquez Pichardo<\/p>\n\n\n\n<p>6) WILHELM WUNDT (Psicolog\u00eda)<br><strong><a href=\"https:\/\/optometria.iztacala.unam.mx\/batasblancas\/?p=1103\" data-type=\"post\" data-id=\"1103\">Salud Mental en Mujeres Mexicanas: Retos y Perspectivas.<br><\/a><\/strong>Mar\u00eda Concepci\u00f3n Ch\u00e1vez Ortega<\/p>\n\n\n\n<p>7) JOHN AMOS COMENIUS (Ciencias de la Educaci\u00f3n)<br><strong><a href=\"https:\/\/optometria.iztacala.unam.mx\/batasblancas\/?p=1106\" data-type=\"post\" data-id=\"1106\">La mujer universitaria: Alternativas fortalecedoras de su salud integral.<br><\/a><\/strong>Roberto Moreno Col\u00edn, Gabriela S\u00e1nchez Fabila<\/p>\n\n\n\n<p>8) ANTOINE LAVOISIER (Nutrici\u00f3n)<br><strong><a href=\"https:\/\/optometria.iztacala.unam.mx\/batasblancas\/?p=1109\" data-type=\"post\" data-id=\"1109\">Fitoestr\u00f3genos, un complemento natural para la salud femenina.<br><\/a><\/strong>Claudia Rebeca Rivera Y\u00e1\u00f1ez, \u00d3scar Nieto Y\u00e1\u00f1ez<\/p>\n\n\n\n<p>9) ZEUS (Mitos y datos curiosos)<br><strong><a href=\"https:\/\/optometria.iztacala.unam.mx\/batasblancas\/?p=1112\" data-type=\"post\" data-id=\"1112\">Mitos y Realidades en Torno a la Salud entre Mujeres y Hombres.<br><\/a><\/strong>Roberto G\u00f3mez Garc\u00eda<\/p>\n\n\n\n<p>10) HER\u00d3DOTO DE HALICARNASO (Historia, Arte y Cultura)<br><strong><a href=\"https:\/\/optometria.iztacala.unam.mx\/batasblancas\/?p=1115\" data-type=\"post\" data-id=\"1115\">Eventos hist\u00f3ricos que rese\u00f1an brevemente los derechos de la mujer en materia de salud.<br><\/a><\/strong>Agust\u00edn Hern\u00e1ndez L\u00f3pez<\/p>\n","protected":false},"excerpt":{"rendered":"<p>Editorial A\u00f1o III, N\u00famero 7. 1) ARIST\u00d3TELES (Ciencias Biol\u00f3gicas)D\u00eda Internacional para la Salud de las Mujeres: Morbi-Mortalidad en M\u00e9xico y el Mundo.Silvia Mota Hern\u00e1ndez, Roberto G\u00f3mez Garc\u00eda 2) JOHANN BECKMANN (Tecnolog\u00eda)Impacto de los avances tecnol\u00f3gicos en las acciones para mejorar la salud de mujeres en zonas rurales.Joana Santiago Sosa, Ra\u00fal Rosales Ib\u00e1\u00f1ez 3) ROBERT KOCH &#8230; <a title=\"\u00cdndice \u2013 A\u00f1o III, N\u00famero 7\" class=\"read-more\" href=\"https:\/\/optometria.iztacala.unam.mx\/batasblancas\/?page_id=1120\" aria-label=\"Leer m\u00e1s sobre \u00cdndice \u2013 A\u00f1o III, N\u00famero 7\">Read more<\/a><\/p>\n","protected":false},"author":1,"featured_media":0,"parent":0,"menu_order":0,"comment_status":"closed","ping_status":"closed","template":"","meta":{"footnotes":""},"class_list":["post-1120","page","type-page","status-publish"],"_links":{"self":[{"href":"https:\/\/optometria.iztacala.unam.mx\/batasblancas\/index.php?rest_route=\/wp\/v2\/pages\/1120","targetHints":{"allow":["GET"]}}],"collection":[{"href":"https:\/\/optometria.iztacala.unam.mx\/batasblancas\/index.php?rest_route=\/wp\/v2\/pages"}],"about":[{"href":"https:\/\/optometria.iztacala.unam.mx\/batasblancas\/index.php?rest_route=\/wp\/v2\/types\/page"}],"author":[{"embeddable":true,"href":"https:\/\/optometria.iztacala.unam.mx\/batasblancas\/index.php?rest_route=\/wp\/v2\/users\/1"}],"replies":[{"embeddable":true,"href":"https:\/\/optometria.iztacala.unam.mx\/batasblancas\/index.php?rest_route=%2Fwp%2Fv2%2Fcomments&post=1120"}],"version-history":[{"count":2,"href":"https:\/\/optometria.iztacala.unam.mx\/batasblancas\/index.php?rest_route=\/wp\/v2\/pages\/1120\/revisions"}],"predecessor-version":[{"id":1123,"href":"https:\/\/optometria.iztacala.unam.mx\/batasblancas\/index.php?rest_route=\/wp\/v2\/pages\/1120\/revisions\/1123"}],"wp:attachment":[{"href":"https:\/\/optometria.iztacala.unam.mx\/batasblancas\/index.php?rest_route=%2Fwp%2Fv2%2Fmedia&parent=1120"}],"curies":[{"name":"wp","href":"https:\/\/api.w.org\/{rel}","templated":true}]}}