{"id":32,"date":"2021-03-08T18:19:04","date_gmt":"2021-03-08T18:19:04","guid":{"rendered":"https:\/\/optometria.iztacala.unam.mx\/batasblancas\/?page_id=32"},"modified":"2026-01-22T18:17:00","modified_gmt":"2026-01-22T18:17:00","slug":"numero-actual","status":"publish","type":"page","link":"https:\/\/optometria.iztacala.unam.mx\/batasblancas\/?page_id=32","title":{"rendered":"N\u00famero actual"},"content":{"rendered":"<div class=\"wp-block-image\">\n<figure class=\"aligncenter size-full\"><img loading=\"lazy\" decoding=\"async\" width=\"538\" height=\"696\" src=\"https:\/\/optometria.iztacala.unam.mx\/batasblancas\/wp-content\/uploads\/2026\/01\/num10_001.jpg\" alt=\"\" class=\"wp-image-1522\" srcset=\"https:\/\/optometria.iztacala.unam.mx\/batasblancas\/wp-content\/uploads\/2026\/01\/num10_001.jpg 538w, https:\/\/optometria.iztacala.unam.mx\/batasblancas\/wp-content\/uploads\/2026\/01\/num10_001-232x300.jpg 232w\" sizes=\"auto, (max-width: 538px) 100vw, 538px\" \/><\/figure>\n<\/div>\n\n\n<p><strong><a href=\"https:\/\/optometria.iztacala.unam.mx\/batasblancas\/?p=1486\" class=\"ek-link\">Editorial A\u00f1o IV, N\u00famero 10<\/a><\/strong><\/p>\n\n\n\n<p>1) ARIST\u00d3TELES (Ciencias Biol\u00f3gicas)<br><strong><a href=\"https:\/\/optometria.iztacala.unam.mx\/batasblancas\/?p=1491\" class=\"ek-link\">Biotecnolog\u00eda y Visi\u00f3n artificial: Nuevos caminos para ver el mundo<br><\/a><\/strong>Vicencio Montes de Oca y Dr. Juan Manuel Res\u00e9ndiz Hern\u00e1ndez<\/p>\n\n\n\n<p>2) JOHANN BECKMANN (Tecnolog\u00eda)<br><strong><a href=\"https:\/\/optometria.iztacala.unam.mx\/batasblancas\/?p=1494\" class=\"ek-link\">Tecnolog\u00edas aplicadas al tratamiento de personas con discapacidad<br><\/a><\/strong>Dra. Maria Lisseth Flores-Cedillo y Mtro. Ramiro Eduardo Flores-Cedillo<\/p>\n\n\n\n<p>3) ROBERT KOCH (Microbiolog\u00eda)<br><strong><a href=\"https:\/\/optometria.iztacala.unam.mx\/batasblancas\/?p=1497\" class=\"ek-link\">Microbiota, salud mental y discapacidad psicosocial: una conexi\u00f3n que debemos analizar<br><\/a><\/strong>Mtro. Aldo Azael Rojas Salazar y Lic. Nutrici\u00f3n Juaquin Ernesto Hernandez Perez<\/p>\n\n\n\n<p>4) HIP\u00d3CRATES (Medicina)<br><strong><a href=\"https:\/\/optometria.iztacala.unam.mx\/batasblancas\/?p=1500\" class=\"ek-link\">Diabetes y discapacidad visual: Condiciones prevenibles<br><\/a><\/strong>Beatriz Irais Escamilla Acosta, Paola Yesenia Le\u00f3n Aguilar<br>y Dr. Juan Manuel Res\u00e9ndiz Hern\u00e1ndez<\/p>\n\n\n\n<p>5) VAN RENSSELAER POTTER (Bio\u00e9tica)<br><strong><a href=\"https:\/\/optometria.iztacala.unam.mx\/batasblancas\/?p=1503\" class=\"ek-link\">Discapacidad y Derechos Sexuales: una Deuda \u00c9tica desde la Pr\u00e1ctica Cl\u00ednica<br><\/a><\/strong>Dra. Martha Patricia Hern\u00e1ndez Valdez<\/p>\n\n\n\n<p>6) WILHELM WUNDT (Psicolog\u00eda)<br><strong><a href=\"https:\/\/optometria.iztacala.unam.mx\/batasblancas\/?p=1506\" class=\"ek-link\">Reconceptualizaci\u00f3n de la Discapacidad desde el Pensamiento Complejo<br><\/a><\/strong>Mtro. Jos\u00e9 Ren\u00e9 Alcaraz Gonz\u00e1lez<\/p>\n\n\n\n<p>7) JOHN AMOS COMENIUS (Ciencias de la Educaci\u00f3n)<br><strong><a href=\"https:\/\/optometria.iztacala.unam.mx\/batasblancas\/?p=1509\" class=\"ek-link\">Propuesta de esquema de atenci\u00f3n optom\u00e9trica integral a ni\u00f1os con discapacidad intelectual<br><\/a><\/strong>Lic. Opt. Mar\u00eda de Guadalupe Duhart Hern\u00e1ndez<br>y Dra. Myrna Miriam Valera Mota<\/p>\n\n\n\n<p>8) ANTOINE LAVOISIER (Nutrici\u00f3n)<br><strong><a href=\"https:\/\/optometria.iztacala.unam.mx\/batasblancas\/?p=1512\" class=\"ek-link\">Discapacidad y nutrici\u00f3n<br><\/a><\/strong>Dra. M\u00f3nica Graciela Mendoza Rodr\u00edguez y Dra. Mar\u00eda Teresa Ort\u00edz Melo<\/p>\n\n\n\n<p>9) ZEUS (Mitos y datos curiosos)<br><strong><a href=\"https:\/\/optometria.iztacala.unam.mx\/batasblancas\/?p=1515\" class=\"ek-link\">Mitos y Realidades de la Discapacidad<br><\/a><\/strong>Dr. Pineda-Olvera J. y Mtro. G\u00f3mez-Garc\u00eda R.<\/p>\n\n\n\n<p>10) HER\u00d3DOTO DE HALICARNASO (Historia, Arte y Cultura)<br><strong><a href=\"https:\/\/optometria.iztacala.unam.mx\/batasblancas\/?p=1518\" class=\"ek-link\">Historia del Concepto de Discapacidad<br><\/a><\/strong>Dr. Renato Garc\u00eda Gonz\u00e1lez y Dr. Iv\u00e1n P\u00e9rez Neri<\/p>\n\n\n\n<p><\/p>\n","protected":false},"excerpt":{"rendered":"<p>Editorial A\u00f1o IV, N\u00famero 10 1) ARIST\u00d3TELES (Ciencias Biol\u00f3gicas)Biotecnolog\u00eda y Visi\u00f3n artificial: Nuevos caminos para ver el mundoVicencio Montes de Oca y Dr. Juan Manuel Res\u00e9ndiz Hern\u00e1ndez 2) JOHANN BECKMANN (Tecnolog\u00eda)Tecnolog\u00edas aplicadas al tratamiento de personas con discapacidadDra. Maria Lisseth Flores-Cedillo y Mtro. Ramiro Eduardo Flores-Cedillo 3) ROBERT KOCH (Microbiolog\u00eda)Microbiota, salud mental y discapacidad psicosocial: &#8230; <a title=\"N\u00famero actual\" class=\"read-more\" href=\"https:\/\/optometria.iztacala.unam.mx\/batasblancas\/?page_id=32\" aria-label=\"Leer m\u00e1s sobre N\u00famero actual\">Read more<\/a><\/p>\n","protected":false},"author":1,"featured_media":0,"parent":0,"menu_order":0,"comment_status":"closed","ping_status":"closed","template":"","meta":{"footnotes":""},"class_list":["post-32","page","type-page","status-publish"],"_links":{"self":[{"href":"https:\/\/optometria.iztacala.unam.mx\/batasblancas\/index.php?rest_route=\/wp\/v2\/pages\/32","targetHints":{"allow":["GET"]}}],"collection":[{"href":"https:\/\/optometria.iztacala.unam.mx\/batasblancas\/index.php?rest_route=\/wp\/v2\/pages"}],"about":[{"href":"https:\/\/optometria.iztacala.unam.mx\/batasblancas\/index.php?rest_route=\/wp\/v2\/types\/page"}],"author":[{"embeddable":true,"href":"https:\/\/optometria.iztacala.unam.mx\/batasblancas\/index.php?rest_route=\/wp\/v2\/users\/1"}],"replies":[{"embeddable":true,"href":"https:\/\/optometria.iztacala.unam.mx\/batasblancas\/index.php?rest_route=%2Fwp%2Fv2%2Fcomments&post=32"}],"version-history":[{"count":60,"href":"https:\/\/optometria.iztacala.unam.mx\/batasblancas\/index.php?rest_route=\/wp\/v2\/pages\/32\/revisions"}],"predecessor-version":[{"id":1575,"href":"https:\/\/optometria.iztacala.unam.mx\/batasblancas\/index.php?rest_route=\/wp\/v2\/pages\/32\/revisions\/1575"}],"wp:attachment":[{"href":"https:\/\/optometria.iztacala.unam.mx\/batasblancas\/index.php?rest_route=%2Fwp%2Fv2%2Fmedia&parent=32"}],"curies":[{"name":"wp","href":"https:\/\/api.w.org\/{rel}","templated":true}]}}

Número actual

<div class="wp-block-image">
<figure class="aligncenter size-full"><img loading="lazy" decoding="async" width="538" height="696" src="https://optometria.iztacala.unam.mx/batasblancas/wp-content/uploads/2026/01/num10_001.jpg" alt="" class="wp-image-1522" srcset="https://optometria.iztacala.unam.mx/batasblancas/wp-content/uploads/2026/01/num10_001.jpg 538w, https://optometria.iztacala.unam.mx/batasblancas/wp-content/uploads/2026/01/num10_001-232x300.jpg 232w" sizes="auto, (max-width: 538px) 100vw, 538px" /></figure>
</div>


<p><strong><a href="https://optometria.iztacala.unam.mx/batasblancas/?p=1486" class="ek-link">Editorial Año IV, Número 10</a></strong></p>



<p>1) ARISTÓTELES (Ciencias Biológicas)<br><strong><a href="https://optometria.iztacala.unam.mx/batasblancas/?p=1491" class="ek-link">Biotecnología y Visión artificial: Nuevos caminos para ver el mundo<br></a></strong>Vicencio Montes de Oca y Dr. Juan Manuel Reséndiz Hernández</p>



<p>2) JOHANN BECKMANN (Tecnología)<br><strong><a href="https://optometria.iztacala.unam.mx/batasblancas/?p=1494" class="ek-link">Tecnologías aplicadas al tratamiento de personas con discapacidad<br></a></strong>Dra. Maria Lisseth Flores-Cedillo y Mtro. Ramiro Eduardo Flores-Cedillo</p>



<p>3) ROBERT KOCH (Microbiología)<br><strong><a href="https://optometria.iztacala.unam.mx/batasblancas/?p=1497" class="ek-link">Microbiota, salud mental y discapacidad psicosocial: una conexión que debemos analizar<br></a></strong>Mtro. Aldo Azael Rojas Salazar y Lic. Nutrición Juaquin Ernesto Hernandez Perez</p>



<p>4) HIPÓCRATES (Medicina)<br><strong><a href="https://optometria.iztacala.unam.mx/batasblancas/?p=1500" class="ek-link">Diabetes y discapacidad visual: Condiciones prevenibles<br></a></strong>Beatriz Irais Escamilla Acosta, Paola Yesenia León Aguilar<br>y Dr. Juan Manuel Reséndiz Hernández</p>



<p>5) VAN RENSSELAER POTTER (Bioética)<br><strong><a href="https://optometria.iztacala.unam.mx/batasblancas/?p=1503" class="ek-link">Discapacidad y Derechos Sexuales: una Deuda Ética desde la Práctica Clínica<br></a></strong>Dra. Martha Patricia Hernández Valdez</p>



<p>6) WILHELM WUNDT (Psicología)<br><strong><a href="https://optometria.iztacala.unam.mx/batasblancas/?p=1506" class="ek-link">Reconceptualización de la Discapacidad desde el Pensamiento Complejo<br></a></strong>Mtro. José René Alcaraz González</p>



<p>7) JOHN AMOS COMENIUS (Ciencias de la Educación)<br><strong><a href="https://optometria.iztacala.unam.mx/batasblancas/?p=1509" class="ek-link">Propuesta de esquema de atención optométrica integral a niños con discapacidad intelectual<br></a></strong>Lic. Opt. María de Guadalupe Duhart Hernández<br>y Dra. Myrna Miriam Valera Mota</p>



<p>8) ANTOINE LAVOISIER (Nutrición)<br><strong><a href="https://optometria.iztacala.unam.mx/batasblancas/?p=1512" class="ek-link">Discapacidad y nutrición<br></a></strong>Dra. Mónica Graciela Mendoza Rodríguez y Dra. María Teresa Ortíz Melo</p>



<p>9) ZEUS (Mitos y datos curiosos)<br><strong><a href="https://optometria.iztacala.unam.mx/batasblancas/?p=1515" class="ek-link">Mitos y Realidades de la Discapacidad<br></a></strong>Dr. Pineda-Olvera J. y Mtro. Gómez-García R.</p>



<p>10) HERÓDOTO DE HALICARNASO (Historia, Arte y Cultura)<br><strong><a href="https://optometria.iztacala.unam.mx/batasblancas/?p=1518" class="ek-link">Historia del Concepto de Discapacidad<br></a></strong>Dr. Renato García González y Dr. Iván Pérez Neri</p>



<p></p>

<p>Editorial Año IV, Número 10 1) ARISTÓTELES (Ciencias Biológicas)Biotecnología y Visión artificial: Nuevos caminos para ver el mundoVicencio Montes de Oca y Dr. Juan Manuel Reséndiz Hernández 2) JOHANN BECKMANN (Tecnología)Tecnologías aplicadas al tratamiento de personas con discapacidadDra. Maria Lisseth Flores-Cedillo y Mtro. Ramiro Eduardo Flores-Cedillo 3) ROBERT KOCH (Microbiología)Microbiota, salud mental y discapacidad psicosocial: &#8230; <a title="Número actual" class="read-more" href="https://optometria.iztacala.unam.mx/batasblancas/?page_id=32" aria-label="Leer más sobre Número actual">Read more</a></p>
